e prime factors of 11554340?
2, 5, 7, 82531
List the prime factors of 33929.
7, 37, 131
List the prime factors of 6302213.
6302213
List the prime factors of 4675017.
3, 17, 31, 2957
List the prime factors of 71514.
2, 3, 29, 137
What are the prime factors of 11603859?
3, 139, 27827
What are the prime factors of 3381366?
2, 3, 563561
List the prime factors of 4728058.
2, 31, 76259
List the prime factors of 4826459.
11, 438769
List the prime factors of 4961952.
2, 3, 5743
List the prime factors of 190115.
5, 47, 809
List the prime factors of 127725.
3, 5, 13, 131
List the prime factors of 331767.
3, 191, 193
What are the prime factors of 313482?
2, 3, 13, 4019
List the prime factors of 4627371.
3, 7, 220351
List the prime factors of 505230.
2, 3, 5, 11, 1531
List the prime factors of 2719266.
2, 3, 11, 41201
List the prime factors of 3013043.
11, 273913
What are the prime factors of 111615?
3, 5, 7, 1063
What are the prime factors of 5123442?
2, 3, 41, 59, 353
What are the prime factors of 6274600?
2, 5, 137, 229
List the prime factors of 2117494.
2, 1058747
What are the prime factors of 1860159?
3, 7, 283, 313
What are the prime factors of 2617593?
3, 11, 7211
What are the prime factors of 392278?
2, 196139
What are the prime factors of 197129?
31, 6359
What are the prime factors of 1774994?
2, 13, 233, 293
What are the prime factors of 127511?
47, 2713
What are the prime factors of 2641038?
2, 3, 19, 23167
List the prime factors of 4640428.
2, 13, 233, 383
What are the prime factors of 25314096?
2, 3, 527377
What are the prime factors of 2237260?
2, 5, 111863
What are the prime factors of 1333505?
5, 266701
What are the prime factors of 6285050?
2, 5, 337, 373
List the prime factors of 22256717.
7, 29, 109639
What are the prime factors of 8828264?
2, 1103533
List the prime factors of 23546280.
2, 3, 5, 239, 821
What are the prime factors of 13113812?
2, 59, 181, 307
List the prime factors of 174228.
2, 3, 14519
What are the prime factors of 16113822?
2, 3, 227, 11831
List the prime factors of 2028655.
5, 405731
What are the prime factors of 2366083?
2366083
List the prime factors of 302756.
2, 75689
What are the prime factors of 26762120?
2, 5, 7, 11, 8689
List the prime factors of 120957.
3, 23, 1753
What are the prime factors of 125766?
2, 3, 17, 137
List the prime factors of 12678165.
3, 5, 281737
What are the prime factors of 694634?
2, 347317
List the prime factors of 14451.
3, 4817
List the prime factors of 13286362.
2, 6643181
List the prime factors of 4676853.
3, 17, 91703
What are the prime factors of 652819?
29, 22511
What are the prime factors of 1434697?
11, 71, 167
List the prime factors of 3789521.
17, 222913
List the prime factors of 10544370.
2, 3, 5, 351479
List the prime factors of 2085259.
11, 163, 1163
What are the prime factors of 6414355?
5, 17, 23, 193
What are the prime factors of 2907870?
2, 3, 5, 7, 61, 227
What are the prime factors of 1626958?
2, 29, 28051
What are the prime factors of 1679794?
2, 839897
List the prime factors of 377074.
2, 19, 9923
What are the prime factors of 668841?
3, 222947
What are the prime factors of 5775596?
2, 1443899
What are the prime factors of 7883184?
2, 3, 164233
List the prime factors of 1248929.
11, 113539
List the prime factors of 269117.
269117
List the prime factors of 1254652.
2, 7, 44809
What are the prime factors of 2609445?
3, 5, 41, 4243
What are the prime factors of 5870217?
3, 167, 11717
List the prime factors of 22484007.
3, 7, 13, 9151
What are the prime factors of 1365912?
2, 3, 61, 311
What are the prime factors of 375969?
3, 11, 11393
List the prime factors of 1208861.
743, 1627
List the prime factors of 706314.
2, 3, 7, 67, 251
What are the prime factors of 569585?
5, 17, 6701
List the prime factors of 2652406.
2, 23, 109
List the prime factors of 98544.
2, 3, 2053
What are the prime factors of 10936683?
3, 29, 41903
List the prime factors of 199333.
53, 3761
What are the prime factors of 3360292?
2, 13, 64621
What are the prime factors of 3271248?
2, 3, 22717
List the prime factors of 2234238.
2, 3, 73, 5101
What are the prime factors of 3194184?
2, 3, 7, 19013
What are the prime factors of 1256008?
2, 13, 929
What are the prime factors of 547799?
7, 139, 563
What are the prime factors of 312765?
3, 5, 29, 719
List the prime factors of 880138.
2, 7, 1283
List the prime factors of 144738.
2, 3, 11, 17, 43
What are the prime factors of 180584?
2, 22573
List the prime factors of 1371100.
2, 5, 13711
List the prime factors of 1843354.
2, 921677
What are the prime factors of 172496?
2, 10781
What are the prime factors of 4555054?
2, 7, 73, 4457
List the prime factors of 308242.
2, 11, 14011
What are the prime factors of 22791?
3, 71, 107
What are the prime factors of 5246673?
3, 1748891
What are the prime factors of 31460?
2, 5, 11, 13
List the prime factors of 20621499.
3, 6873833
List the prime factors of 243316.
2, 59, 1031
What are the prime factors of 4102502?
2, 2051251
What are the prime factors of 29323954?
2, 11, 19, 31, 73
What are the prime factors of 289857?
3, 53, 1823
List the prime factors of 15544844.
2, 7, 43, 12911
What are the prime factors of 4268876?
2, 109, 9791
List the prime factors of 3900433.
3900433
What are the prime factors of 6157868?
2, 1539467
What are the prime factors of 10159691?
101, 100591
What are the prime factors of 295762?
2, 147881
List the prime factors of 154759.
11, 1279
What are the prime factors of 31353?
3, 7, 1493
What are the prime factors of 471503?
471503
What are the prime factors of 2509113?
3, 61, 13711
What are the prime factors of 254485?
5, 7, 11, 661
What are the prime factors of 144415?
5, 17, 1699
What are the prime factors of 12995408?
2, 812213
What are the prime factors of 224769?
3, 74923
List the prime factors of 1270001.
1270001
List the prime factors of 3067537.
11, 278867
What are the prime factors of 7045505?
5, 1409101
What are the prime factors of 3488639?
7, 11, 45307
What are the prime factors of 197301?
3, 13, 5059
What are the prime factors of 5702?
2, 2851
What are the prime factors of 910311?
3, 37, 59, 139
What are the prime factors of 557733?
3, 11, 16901
What are the prime factors of 17391678?
2, 3, 2898613
List the prime factors of 786715.
5, 23, 6841
List the prime factors of 343835.
5, 68767
List the prime factors of 3227794.
2, 347, 4651
List the prime factors of 331287.
3, 11, 10039
What are the prime factors of 15894?
2, 3, 883
What are the prime factors of 226085?
5, 103, 439
List the prime factors of 504379.
504379
List the prime factors of 252509.
252509
List the prime factors of 2605661.
2605661
What are the prime factors of 345698?
2, 172849
List the prime factors of 6060828.
2, 3, 157, 3217
What are the prime factors of 279438?
2, 3, 46573
What are the prime factors of 488891?
13, 37607
What are the prime factors of 17846207?
17846207
What are the prime factors of 99882?
2, 3, 31, 179
List the prime factors of 6219174.
2, 3, 13, 71, 1123
What are the prime factors of 8046527?
23, 349849
List the prime factors of 1215242.
2, 7, 61, 1423
What are the prime factors of 571303?
571303
What are the prime factors of 4481200?
2, 5, 17, 659
What are the prime factors of 468709?
468709
List the prime factors of 17943154.
2, 197, 45541
What are the prime factors of 3218698?
2, 7, 149, 1543
What are the prime factors of 7111753?
11, 646523
What are the prime factors of 4367612?
2, 103, 10601
List the prime factors of 301624.
2, 37, 1019
What are the prime factors of 305505?
3, 5, 31, 73
What are the prime factors of 1297239?
3, 432413
List the prime factors of 1728865.
5, 345773
List the prime factors of 30227752.
2, 3778469
List the prime factors of 161672.
2, 7, 2887
What are the prime factors of 12803419?
3299, 3881
What are the prime factors of 5896563?
3, 1965521
List the prime factors of 481995.
3, 5, 10711
What are the prime factors of 194457?
3, 53, 1223
List the prime factors of 449077.
449077
What are the prime factors of 2504294?
2, 13, 61, 1579
List the prime factors of 2165353.
227, 9539
List the prime factors of 7156.
2, 1789
What are the prime factors of 495283?
223, 2221
What are the prime factors of 3174080?
2, 5, 7, 13, 109
List the prime factors of 249667.
11, 22697